ose j*a - 160 = -a. Let n = 49 + -35. What is the remainder when a is divided by n?
12
Suppose 5*q - 3 = f + 18, 0 = -3*q - 3*f + 9. Suppose -5*t + 247 = l, 0*t = 2*t - q*l - 90. What is the remainder when t is divided by ((-1)/2)/(2/(-68))?
15
Let o = -16 + 25. Suppose -3*q = 3*y - 4*q - 391, -y + 131 = -q. Suppose 2*a + 3*a = y. Calculate the remainder when a is divided by o.
8
Let w = -36 - -53. What is the remainder when 82 is divided by w?
14
Suppose -2*h = -h. Suppose h + 5 = -5*j. Let a(d) = -3*d. What is the remainder when 8 is divided by a(j)?
2
Calculate the remainder when (131/(-4))/(60/16 + -4) is divided by 27.
23
Suppose 4*n - 16 = -4. Suppose 0 = m - n*m + 30. What is the remainder when 27 is divided by m?
12
Suppose 3*d = -2*i + 58, -d + 2*i = -7 - 7. What is the remainder when 35 is divided by d?
17
Let i = 9 - 4. Let q(o) = o**2 - 6*o + 7. What is the remainder when 2 is divided by q(i)?
0
Suppose -k = -3*k + 34. Calculate the remainder when 64 is divided by k.
13
Let g(f) = 2*f - 11. What is the remainder when 6 is divided by g(7)?
0
Let c(g) = -g**2 - 2*g + 4. Let r be c(-3). What is the remainder when r + -2 - (1 + -8) is divided by 20/6 - 6/(-9)?
2
Suppose -3*v - 2*a + 48 = -2*v, -99 = -2*v - 3*a. Let y = 104 - v. What is the remainder when y is divided by ((1 - 2) + 2)*17?
16
What is the remainder when (6/(-3))/(8/(-132)) is divided by 12?
9
Let z(a) = -a**2 - 11*a + 9. Calculate the remainder when 64 is divided by z(-8).
31
Suppose 23*a + 1911 = 44*a. Suppose -2*i + 70 = z + z, -66 = -2*i - z. What is the remainder when a is divided by i?
29
Let m(k) be the third derivative of k**4/24 - 3*k**3/2 + 3*k**2. Let c be m(4). What is the remainder when 9 is divided by ((-5)/c)/(2/10)?
4
Let m(z) = 2*z**2 + 4*z. Let k be m(-4). Suppose 2*b = 5*n + 32 - 3, -k = -b + 2*n. What is the remainder when b is divided by -2 - ((-30)/2 + 1)?
10
Let x(p) = -3*p**3 - 3*p**2 - 7*p - 7. Calculate the remainder when x(-3) is divided by 24.
20
Suppose -5*s = 5*j + 25, -s + 5*s + 20 = 4*j. Suppose -4*i + 16 + j = 0. Suppose 47 + 41 = i*y. Calculate the remainder when y is divided by 8.
6
Suppose 4*g + 4*t - 2*t = 28, 35 = 5*g - t. Let y = -5 + g. Suppose -3*k + 15 = 3. Calculate the remainder when k is divided by y.
0
Suppose -2*n - 15 = -5*n. Suppose n*g - 3*g = 12. Suppose -3*h = -30 - 0. Calculate the remainder when h is divided by g.
4
Let d be -2*-1*(-19)/2. Calculate the remainder when d*-2*(-2)/(-4) is divided by 7.
5
Let d(c) = c**2 + 6*c - 3. What is the remainder when 90 is divided by d(2)?
12
Suppose 0 = -5*b - 5*n + 120, -2*b - 3*b + 3*n + 120 = 0. What is the remainder when 46 is divided by b?
22
Let s(c) = -c + 5. Let w = -8 - -3. What is the remainder when 39 is divided by s(w)?
9
Let t = -22 + 28. Calculate the remainder when t is divided by 2.
0
Calculate the remainder when 22 is divided by -17*(-2)/6 - 32/(-96).
4
Suppose 4 = j - g - 2, 6 = 3*g. Let s = 0 + -3. What is the remainder when (-2)/(-6) - 44/s is divided by j?
7
Let u(w) = -6 - w**3 + 5*w**2 - w - w + 0*w**2. Let a be u(5). Let z = a - -22. What is the remainder when 11 is divided by z?
5
Suppose 5*g = -4*t + 35, -g = 4*t + t - 49. Calculate the remainder when 29 is divided by t.
9
Let t = -50 - 28. Suppose 4*u + 3*k - 476 = 0, -451 = -5*u + 3*k + 171. Let y = u + t. Calculate the remainder when y is divided by 15.
14
Let a(x) = -x**3 + 8*x**2 - 7*x + 5. Let y be a(7). Suppose -g - j + 12 = j, 0 = 2*g + y*j - 27. What is the remainder when 15 is divided by g?
3
Let c = -4 + 7. Suppose 0*l + 69 = 3*l. Suppose -l = -c*g - 2. Calculate the remainder when g is divided by 3.
1
Suppose -i + 36 = 3*i. Let q = i + 3. Calculate the remainder when q is divided by 5.
2
Suppose -2*p + 5*p = 12. Suppose -15 = p*o - 47. What is the remainder when 22 is divided by o?
6
Let m(o) = 2*o**2 + 6*o - 9. Suppose -7*z + 3*z + 28 = 0. Calculate the remainder when m(-6) is divided by z.
6
Let g be (-2 - -4) + 2/(-1). Let r(b) = -8*b - 1. Let x be r(-1). Suppose -c + g*c = -x. What is the remainder when c is divided by 4?
3
Let y = 6 + 6. What is the remainder when (-4)/(-46) - 14820/(-437) is divided by y?
10
Let g = 77 - 46. Suppose 4*d = -5*o + 13, 3*o = -3*d + 5 + 4. Suppose s - 5 = -3*m, 0 = -d*s + m - 3*m + 18. Calculate the remainder when g is divided by s.
9
Suppose -5*o - 18 = -4*v, -2 = -4*o + 6. Calculate the remainder when 13 is divided by (5 - 0)/(v - 6).
3
Let d be -45*(14/(-6) - 3). Calculate the remainder when (12/5)/(18/d) is divided by 17.
15
Let j(x) = -x + 3. Let c be j(4). Suppose 7 - 15 = 4*n. Calculate the remainder when 23 is divided by (-4*n/c)/(-1).
7
Let k = 11 + -15. Let i = k - -4. Calculate the remainder when 17 is divided by -7 + 19 + i + -3.
8
Let u(o) = -o**2 - 4*o - 6. Let v be u(-4). Let k = v - -12. What is the remainder when 10 is divided by k?
4
Let f(q) = -5*q + 6. What is the remainder when 39 is divided by f(-3)?
18
Suppose d = 5*q - 149, -13 = -q - 4*d + 21. What is the remainder when q is divided by 18?
12
Let g = -85 + 86. Calculate the remainder when 5 is divided by g.
0
Calculate the remainder when 88 is divided by (2/10*12)/(2/25).
28
Let h = -30 + 40. Calculate the remainder when h is divided by 3.
1
Suppose -4*g + 8 = 2*s, 5*s = -5*g - 0*s + 10. Suppose -g*i + 0*i + 36 = 0. Calculate the remainder when 51 is divided by i.
15
Suppose -s = s - t - 95, 0 = 2*t + 6. Calculate the remainder when s is divided by 12.
10
Suppose 3*d - d = 0. What is the remainder when 4 - (-2 - 0) - d is divided by 2?
0
Suppose 27 + 104 = h. Calculate the remainder when h is divided by 45.
41
Let k(m) = -11*m**3 - 4*m**2 - 3*m - 2. What is the remainder when k(-2) is divided by 26?
24
Suppose s = -30 + 79. What is the remainder when s is divided by 27?
22
What is the remainder when 2784/108 + 2/9 is divided by 9?
8
Suppose 4*m + 12 = 6*m. Suppose x + 3 = -m. Let z(q) = q**2 + 9*q + 8. Calculate the remainder when 22 is divided by z(x).
6
Suppose z - 19 = 2*l, 2*l - 155 = -9*z + 4*z. What is the remainder when 41 is divided by z?
12
Calculate the remainder when (-1 - 0)*(6 - 32) is divided by (-4 - -1)/(3/(-9)).
8
Suppose -5*v + 16 = r + 2*r, 4*r = 3*v + 2. Suppose 5 + 23 = v*j. Let m(k) = -k**2 + 8*k - 7. Calculate the remainder when j is divided by m(6).
4
Suppose q - 12 = -q. Let i = -1 + q. What is the remainder when i is divided by 2?
1
Let f(b) = 2*b**3 - 13*b**2 - 8*b + 19. Let n(t) = -t**3 + 7*t**2 + 4*t - 9. Let g(r) = 2*f(r) + 5*n(r). Calculate the remainder when g(9) is divided by 10.
9
Let p be (-35)/(-4) + (-2)/(-8). Let b = -5 + p. Suppose -t - 3*t = -b. What is the remainder when t is divided by 1?
0
Suppose -339 = -3*s - 3*t, 4*t + 2 + 14 = 0. What is the remainder when s is divided by 40?
37
Suppose -2*s = -2 - 4. Suppose -s*h + 14 + 43 = 0. Suppose 5*a - h = 4*a. What is the remainder when 36 is divided by a?
17
Suppose 0 = -5*l + 3*o + 259, 3*l - 3*o - 162 = o. What is the remainder when l is divided by 26?
24
Let q(a) = -a**2 + 4*a + 34. Calculate the remainder when 3 is divided by q(8).
1
Let d = 82 - 65. What is the remainder when 46 is divided by d?
12
Let v = -10 + 12. Suppose -3*x = v*x - 110. Suppose 60 = 5*o - 0*o. What is the remainder when x is divided by o?
10
Let m = -17 + 36. Suppose -m + 1 = -l. Calculate the remainder when 51 is divided by l.
15
Suppose -13 = -4*l - 1. Suppose 0 = l*a + 2*a - 350. Calculate the remainder when a is divided by 18.
16
Let p(r) = 3*r - 1. Let s be p(2). What is the remainder when ((-45)/12)/((-1)/4) is divided by ((-8)/5)/(-1)*s?
7
Let d = 13 + -7. What is the remainder when 79 is divided by (4 - d)/(2/(-16))?
15
Let i(l) = -l**3 + 6*l**2 + 2*l + 1. Let h(u) = -u - 1. Let j be h(-4). Let o(d) = 3*d - 18. What is the remainder when i(j) is divided by o(10)?
10
Let v(y) = -24*y + 54. Let n = -16 + 30. Let f(s) = -5*s + 11. Let z(k) = n*f(k) - 3*v(k). Calculate the remainder when z(10) is divided by 7.
5
Let c = 68 + -42. Calculate the remainder when c is divided by 15.
11
Suppose 0 = -2*j - 2*j + 16. Suppose j*z - 43 = -7. Suppose -3*c = -5*n + 161, 3*c + z = 6*c. Calculate the remainder when n is divided by 18.
16
Let y = 91 + -60. Calculate the remainder when 117 is divided by y.
24
Let g(d) = -2*d -